 11 is divided by y.
5
Let k be 4/10*(113 + 2). Let d = k + -39. What is the remainder when d is divided by 2?
1
Let b = -1616 - -1665. What is the remainder when b is divided by 27?
22
Let g = 52 - 50. Suppose 2*y - s - 21 - 11 = 0, -5*s + 20 = g*y. What is the remainder when 29 is divided by y?
14
Let y(h) = -10*h + 247. Calculate the remainder when 410 is divided by y(24).
4
Suppose 10*j = 220 + 650. Suppose -5*m + j = 47. What is the remainder when 38 is divided by m?
6
Suppose -4*b = -2*d + 144, -3*d + 184 = b + b. Let f(y) = 2*y**2 - 14*y + 11. What is the remainder when d is divided by f(7)?
9
Let y = -987 - -1081. What is the remainder when 374 is divided by y?
92
Suppose -8*h + 9*h + 16 = 0. Let p be (-1204)/h + (-1)/4. Let t = -42 + p. What is the remainder when t is divided by 12?
9
Suppose 31*q - 490 = 24*q. Calculate the remainder when 558 is divided by q.
68
Suppose 5*p - 3*p = -174. Let d = -28 - p. Calculate the remainder when d is divided by 15.
14
Let b be 8/(-28) - (-570)/35. Suppose -4*p - 3*f - b = -107, f - 23 = -p. Let y = p - 1. Calculate the remainder when y is divided by 8.
5
Let o(b) = -5*b**2 - 20*b + 4. Calculate the remainder when 17 is divided by o(-4).
1
Suppose 3*i - 36 - 36 = -3*y, -3*y = -i + 16. What is the remainder when 27 is divided by (i/(-8))/((-3)/(-4) + -1)?
5
Let v be ((-20)/(-28) + -1)/((-1)/7). Suppose v*h - 4*h + 86 = 0. What is the remainder when 168 is divided by h?
39
Let v = -229 + 241. What is the remainder when 54 is divided by v?
6
Suppose g = -2*g + 81. Suppose 0*b - 3*b + g = -3*d, -4*d = 3*b - 48. What is the remainder when 35 is divided by b?
11
Suppose -2*u + 7 = -3*x, x + x - 2 = 0. Suppose 4*s = u*p + 3*s - 92, -5*p + 110 = 5*s. What is the remainder when 72 is divided by p?
15
Let v(t) = -3*t - 25. Let a be v(-10). Suppose 4*l + 3*b = 127, -4*l = -a*l + 5*b + 26. What is the remainder when (-2535)/(-21) - (-2)/7 is divided by l?
28
Suppose 15*h = 17*h + 116. Let f = -39 - h. Calculate the remainder when f is divided by 7.
5
Let x be 8/(-8)*(-6)/2. Suppose 2 - 98 = -x*w. Let r = -1 + w. Calculate the remainder when 89 is divided by r.
27
Suppose 4*l = -2*k - 104, 78 = 2*l - 5*l + k. Let d = l - -51. What is the remainder when 99 is divided by d?
24
Let h be (-1 + -3)/(-2) - -2. What is the remainder when 104 is divided by (17 - (48/(-3))/h) + -3?
14
Calculate the remainder when 108 is divided by 49 + -4 + 2 + (-57 - -64).
0
Suppose -1235 = -4*o - 231. What is the remainder when o is divided by 86?
79
Let m = 8 - 1. Suppose f - 22 = m. Let k = f + -14. What is the remainder when 40 is divided by k?
10
What is the remainder when 305 is divided by (-18 - -45) + -10 + 1?
17
Let l = -9 - -25. Let y = l - 35. Let d = 25 + y. Calculate the remainder when 22 is divided by d.
4
Calculate the remainder when 138 is divided by ((-21)/(-4))/((-9)/(-12)).
5
Suppose 2*b - 39 = 37. Let c(k) = k**2 - 4*k - 8. Let j be c(-2). Suppose i - h - 8 = 0, -2*i + 13 + 3 = -j*h. What is the remainder when b is divided by i?
6
Let q = -767 + 821. What is the remainder when 83 is divided by q?
29
What is the remainder when 0 - (4 + -5 + -1) is divided by 1?
0
Suppose 73*u - 51500 = -52*u. What is the remainder when u is divided by 23?
21
Let a(p) be the third derivative of -p**6/120 - 17*p**5/60 + 19*p**4/24 + 14*p**3/3 - 51*p**2. Calculate the remainder when 59 is divided by a(-18).
9
Suppose 4*f + w - 90 = 0, f + 4*w - 14 = 1. What is the remainder when f is divided by 22?
1
Suppose u - 13 = k, k = -k - 8. Let f(j) = j**2 - 5*j - 21. Calculate the remainder when 71 is divided by f(u).
11
What is the remainder when 63 is divided by (-24)/10*1100/(-132)?
3
Let q(j) = -2*j**2 + 40*j - 63. What is the remainder when 388 is divided by q(11)?
118
Suppose 84 = c - 5*c. Let y be (c/(-9))/((-5)/(-105)). Let r = 75 - y. Calculate the remainder when r is divided by 7.
5
Let g = 266 + -179. Suppose -3*v + 107 = 5*l, 4*l - 3*v - 29 = 62. Calculate the remainder when g is divided by (l - 3) + (-6)/(-2).
21
Let t(c) = c + 33. Let y be 0*1/(-3)*1. Calculate the remainder when t(y) is divided by 17.
16
Let g = 1389 - 1277. Calculate the remainder when 432 is divided by g.
96
Let n = -293 - -380. What is the remainder when 338 is divided by n?
77
Let k = 143 + 62. Suppose -3*w - k = -8*w. Suppose 7*j - w = 15. What is the remainder when 20 is divided by j?
4
Suppose 7*c = 554 - 449. Calculate the remainder when 108 is divided by c.
3
Suppose 0 = -4*s - s. Suppose -6*p + 3*p + 15 = s. Let n(m) = m**3 + 14. Calculate the remainder when n(0) is divided by p.
4
Calculate the remainder when (-3)/(2916/417 + -7) is divided by 60.
57
What is the remainder when 57/(-342) - (1 - (-847)/(-6)) is divided by 29?
24
Let b(v) = -v**3 + 8*v**2 - 8*v - 1. Calculate the remainder when b(6) is divided by (36/15)/((-21)/(-70)).
7
Let k = 59 - 20. What is the remainder when (-15)/30 + 1548/8 is divided by k?
37
Let n(s) = s**3 - 5*s**2 + 3*s + 4. Suppose 3*h = -2*q + 575, -q - 941 = -74*h + 69*h. What is the remainder when h is divided by n(5)?
18
Suppose -40 - 200 = -6*r. Let o = r + 5. What is the remainder when o is divided by 12?
9
Let y be ((-4625)/(-65) - -2) + 6/(-39). Calculate the remainder when y/5 + 18/45 + -2 is divided by 5.
3
Let k = 14 + -12. Suppose -k*s = -2*a + 14, 0 = -a + 2*a - 2*s - 11. What is the remainder when (-1 + 2)/(a/39) is divided by 8?
5
Let g be (-120)/36*3/(-2). Suppose 4*z + g*x - 88 - 46 = 0, 3*z - 112 = 2*x. Calculate the remainder when 5 is divided by z/16 + (-1)/4.
1
Let v be -1 + -2 + -1 + 4. Let u be (17 - (3 + -1)) + v. Calculate the remainder when 4*2*u/4 is divided by 8.
6
What is the remainder when 509 is divided by ((-35)/((-245)/(-924)))/(-1)?
113
Suppose 1 = 3*i - 20. Let b(p) = p**2 - 7*p + 4. Let h be b(i). Suppose 0 = 4*l - 5*s + 1, 5*l + h*s = 2*l + 7. Calculate the remainder when 2 is divided by l.
0
Suppose -4*f - d = -0*d - 326, 4*f + 5*d = 334. Suppose -f = -5*y + 39. What is the remainder when 119 is divided by y?
23
Suppose -108*q + 101*q + 714 = 0. Calculate the remainder when 607 is divided by q.
97
Let c be 4/(-18) + 456/108. Suppose -69 = -c*o + 203. Calculate the remainder when o is divided by 10.
8
What is the remainder when 1 - -769 - (-17 - -10 - -9) is divided by 35?
33
Let y(x) = -4 + 10*x + 3 + 2. Let g(c) = -c - 3. Let q be g(-4). Calculate the remainder when 20 is divided by y(q).
9
Suppose 3*w + 830 = 4*b, -5*w - b - 3*b - 1394 = 0. Let x = -197 - w. Suppose -572 = 5*o - 712. Calculate the remainder when x is divided by o.
25
Let h be (10/4)/(1/20). Let b = -4 + h. What is the remainder when b is divided by 7?
4
Let b(o) = 18*o + 23. Let d be b(-4). Let z = 52 + d. What is the remainder when 13 is divided by z?
1
Suppose -4*f - 185 = -3*g, 12*g - 4*f - 303 = 7*g. Calculate the remainder when g is divided by 7.
3
Suppose 2*v - 11 = -3*s, 2*s + 0*s - 2*v - 14 = 0. Suppose 3*r - r + 76 = p, 0 = -s*p + 2*r + 356. What is the remainder when p is divided by 19?
13
Let x = 32 - 30. Suppose -2*q - v = -6*v - 22, -x*v + 26 = 5*q. What is the remainder when 10 is divided by q?
4
Let l = -72 - -221. Suppose 0 = 3*d - 2*z - l, 3*d + 0*d - 5*z = 152. Calculate the remainder when d is divided by (-2)/3 + (-77)/(-3).
24
Suppose -2*l + 186 = 4*b, b - 3*l + 141 = 4*b. What is the remainder when ((-3233)/(-265))/(1/15) is divided by b?
45
Let j(b) = 8*b**2 + 3*b - 3. Let k be j(-4). Suppose 5*z - k = -l, -z + 5*l - 59 = -3*z. What is the remainder when 64 is divided by z?
20
Let v be 5680/(-25) + ((-6)/10)/(-3). Let z = -126 - v. What is the remainder when z is divided by 34?
33
Suppose 0 = -z + 14 - 3. Suppose 3*s + 2*s + 96 = 4*m, 4*m - 80 = s. Calculate the remainder when m is divided by z.
8
Suppose 0 = -x + d - 4*d + 16, 4*x - 2*d = 64. Suppose -3*n - 459 = 6*n. What is the remainder when n/(-17)*(-124)/(-6) is divided by x?
14
Let r = -576 - -858. Suppose -o + r = 4*x - 4*o, -3*o = 6. Calculate the remainder when x is divided by 18.
15
Calculate the remainder when 59 is divided by (-114)/(-48) + -2 - (-884)/32.
3
Let y(p) = p**3 - 8*p**2 - 8*p - 1. Let v be y(9). Suppose -2*d + 6*d = -v. Let u = d - -9. Calculate the remainder when 13 is divided by u.
6
Suppose 10*i - 20 = 6*i. Suppos